
Let d(m) = -77*m**2 - 8011*m - 23627. Give d(-101).
7
Let o(h) = 559*h - 13872. Give o(25).
103
Let p(g) = 8*g**2 + 4770*g - 14334. Give p(3).
48
Let s(y) = -y**3 - 99*y**2 + 194*y - 496. What is s(-101)?
312
Let n(i) = -17*i + 270. Determine n(-17).
559
Let v(n) = 68*n**3 + 5*n**2 - 54. Determine v(3).
1827
Let v(p) = p**3 - 82*p**2 - 490*p - 303. Give v(88).
3041
Let h(w) = -w**3 - 75*w**2 - 1170*w - 170. Give h(-53).
42
Let o(g) = 272*g**2 - 429*g + 433. Calculate o(1).
276
Let u(f) = 2*f**2 - 1937*f + 9. Determine u(0).
9
Let q(j) = j**3 - 53*j**2 - 2264*j - 139. What is q(81)?
185
Let v(k) = 27699*k + 1384959. Determine v(-50).
9
Let o(v) = 141*v + 1301. Determine o(28).
5249
Let k(v) = v**3 - 46*v**2 + 178*v + 8870. Give k(26).
-22
Let k(c) = 37*c**3 - 481*c**2 + 28*c - 363. Give k(13).
1
Let n(o) = o**3 - 56*o**2 + 764*o - 106. Determine n(33).
59
Let f(v) = -2*v**3 + 36*v**2 - 2087*v + 27646. Give f(14).
-4
Let q(f) = -f**3 - 14*f**2 - 373*f - 4814. What is q(-13)?
-134
Let x(p) = -328520*p + 18397118. What is x(56)?
-2
Let r(x) = -91*x**2 - 7537*x + 1739. What is r(-83)?
411
Let y(h) = -965*h**2 + 288512*h + 6887. What is y(299)?
10
Let k(b) = -1275*b - 268367. What is k(-211)?
658
Let z(w) = 285*w**2 - 13678*w - 102. Give z(48).
-6
Let v(c) = 619*c + 88476. Calculate v(-143).
-41
Let a(u) = 160515*u - 1284117. Give a(8).
3
Let w(d) = -2*d**3 + 970*d**2 + 39760*d - 6265. Determine w(523).
11
Let o(v) = -v**3 - 3*v**2 + 837*v - 7553. Give o(-34).
-175
Let a(l) = -l**3 + 15*l**2 + 932*l - 13210. Calculate a(14).
34
Let x(y) = 5*y**3 + 93*y**2 - 106*y - 1990. What is x(-20)?
-2670
Let f(p) = 2*p**3 + 175*p**2 - 130*p - 3566. Give f(-88).
130
Let q(c) = -7088*c - 1949286. What is q(-275)?
-86
Let b(n) = -21*n**3 + 14298*n**2 + 2049*n - 4091. Calculate b(681).
-5
Let a(r) = -r**3 + 328*r**2 - 2877*r + 1898. Calculate a(319).
-16
Let x(r) = r**3 + 260*r**2 - 3596*r - 12848. What is x(-273)?
-17
Let t(w) = -2*w**3 + 56*w**2 - 47*w + 504. What is t(26)?
1986
Let r(m) = m**3 - 63*m**2 + 977*m - 132. What is r(27)?
3
Let f(z) = -17318*z + 16. Determine f(0).
16
Let c(w) = 6*w**3 - 60*w**2 - 70*w + 693. What is c(10)?
-7
Let y(j) = j**3 - 61*j**2 + 421*j + 256. What is y(53)?
97
Let i(x) = -x**3 + 297*x**2 - 1265*x + 27246. What is i(293)?
-3
Let s(r) = -165*r**2 + 2072*r - 2069. Calculate s(1).
-162
Let s(m) = -8*m**2 + 140*m - 370. Calculate s(11).
202
Let h(p) = -p**2 + 1933*p + 224723. Calculate h(-110).
-7
Let x(i) = -i**2 + 146020*i + 3943261. What is x(-27)?
-8
Let u(r) = -6*r**3 - 440*r**2 - 135*r + 1195. Calculate u(-73).
392
Let d(z) = -33*z**2 + 3569*z - 43482. What is d(14)?
16
Let z(h) = 2*h**3 - 45*h**2 + 19*h - 143. Determine z(22).
-209
Let r(m) = -834*m - 17258. What is r(-23)?
1924
Let j(n) = 10*n**3 - 1278*n**2 - 244*n - 1539. Determine j(128).
-3
Let y(i) = 256*i - 11879. Calculate y(46).
-103
Let q(i) = -10993*i - 384714. Determine q(-35).
41
Let h(g) = -g**2 - 2213*g + 19971. Calculate h(9).
-27
Let g(d) = 316*d**2 - 75*d - 2. Calculate g(1).
239
Let g(u) = u**2 + 2310*u + 72884. Determine g(-32).
-12
Let p(w) = 427*w + 3926. What is p(-6)?
1364
Let x(z) = z**3 + 136*z**2 - 9569*z - 6009. Determine x(-187).
-25
Let u(a) = 9445*a + 113344. What is u(-12)?
4
Let x(p) = 172*p**2 + 32*p + 16. What is x(-2)?
640
Let a(g) = -4*g**2 + 117*g - 73. Give a(28).
67
Let b(n) = 25*n + 130. Determine b(26).
780
Let l(k) = 35914*k - 502791. Give l(14).
5
Let y(p) = 2*p**2 - 14077*p + 975595. What is y(70)?
5
Let r(n) = 8524*n + 93604. What is r(-11)?
-160
Let w(z) = 64*z - 4635. Give w(62).
-667
Let j(x) = 3*x**3 + 51*x**2 + 124*x + 2133. Determine j(-17).
25
Let j(g) = 873*g + 2588. Determine j(-4).
-904
Let i(l) = 1860*l - 344097. Calculate i(185).
3
Let i(k) = -3*k**3 - 168*k**2 - 913*k + 353. Calculate i(-50).
1003
Let h(u) = -u**3 - 96*u**2 + 5168*u + 499923. Calculate h(-95).
-62
Let i(r) = -115*r + 7600. Give i(66).
10
Let n(k) = 3087*k - 58646. What is n(19)?
7
Let m(x) = -x**2 - 72*x - 1268. Determine m(-29).
-21
Let d(r) = -34797*r - 104349. What is d(-3)?
42
Let k(g) = -630*g**2 - 11351*g - 132. Determine k(-18).
66
Let r(v) = -v**2 + 150*v + 7458. What is r(-47)?
-1801
Let i(g) = g**2 + 4509*g + 4851847. Give i(-1774).
-43
Let a(f) = f**2 - 398*f + 36373. Determine a(142).
21
Let v(u) = 2*u**2 + 95*u + 347. Give v(-4).
-1
Let m(g) = 2*g**3 - 10*g**2 + 208*g - 954. Determine m(6).
366
Let v(f) = -1912*f**2 - 82228*f - 513. What is v(-43)?
3
Let n(t) = -t**2 + 123*t + 1953. Give n(-16).
-271
Let q(w) = -w**3 - 511*w**2 - 22211*w + 6009. Give q(-463).
-10
Let a(m) = 15*m**2 + 14717*m - 206961. Determine a(-995).
-1
Let g(j) = -22*j**2 + 124*j - 101. Give g(6).
-149
Let p(z) = 2*z**3 - 78*z**2 + 5*z - 630. What is p(39)?
-435
Let u(i) = -21*i - 3710. What is u(-115)?
-1295
Let n(u) = 8*u**3 - 99*u**2 - 16*u - 3. What is n(10)?
-2063
Let h(c) = 40*c + 5586. Determine h(-140).
-14
Let d(r) = r**3 - 26*r**2 - 1344*r + 204. Give d(-26).
-4
Let r(m) = 591*m - 16410. Calculate r(40).
7230
Let f(x) = 1452*x - 18707. Calculate f(12).
-1283
Let c(z) = -143883*z + 6474684. Give c(45).
-51
Let v(y) = -6*y**2 - 1452*y + 2933. Determine v(-244).
5
Let r(m) = 5*m**3 + 770*m**2 + 767*m + 337. Calculate r(-153).
31
Let r(q) = 2*q**2 + 38*q + 6. Determine r(-5).
-134
Let d(y) = 32*y**2 + 264*y - 821. Calculate d(3).
259
Let r(h) = 31*h**2 + 4111*h - 27600. Give r(-139).
-78
Let w(b) = 256*b**3 + 1026*b**2 - b - 1. What is w(-4)?
35
Let o(c) = 2653*c + 108579. Calculate o(-41).
-194
Let r(t) = -43909*t + 219540. Calculate r(5).
-5
Let v(o) = 4*o**3 + 805*o**2 + 204*o + 629. Determine v(-201).
26
Let u(o) = -142*o**3 + 570*o**2 - 18*o + 46. Give u(4).
6
Let j(p) = 1759*p + 91457. Give j(-52).
-11
Let m(s) = -4*s**3 - 37*s**2 - 1377*s - 10736. Give m(-8).
-40
Let w(z) = -11561*z + 8370143. Determine w(724).
-21
Let z(g) = 28217*g - 140930. Give z(5).
155
Let z(b) = 21720*b + 173762. What is z(-8)?
2
Let i(v) = -2*v**2 + 16934*v - 405245. Give i(24).
19
Let j(o) = 3073*o + 295001. What is j(-96)?
-7
Let m(p) = 18310*p - 1519765. Calculate m(83).
-35
Let m(z) = -z**3 - 16*z**2 - 186*z - 2934. Determine m(-16).
42
Let h(f) = -3*f**2 + 2229*f + 2237. Give h(744).
5
Let o(a) = -1126*a + 42786. Give o(38).
-2
Let m(k) = 404*k**2 + 26258*k - 219. Calculate m(-65).
-89
Let r(m) = -2*m**2 + 194*m + 997. What is r(-7)?
-459
Let c(k) = 8524*k + 74053. Calculate c(-9).
-2663
Let t(b) = -169*b**2 - 600*b + 152. Determine t(-6).
-2332
Let t(m) = -m**2 + 26*m - 765. What is t(38)?
-1221
Let b(w) = 3543*w - 19. Determine b(0).
-19
Let y(m) = 2084988*m - 8339944. Determine y(4).
8
Let d(u) = -7847*u + 3013245. Determine d(384).
-3
Let c(j) = 34*j**2 - 388*j - 66. Calculate c(11).
-220
Let w(z) = -z**3 - 22*z**2 + 8115*z + 193599. Calculate w(-24).
-9
Let a(v) = -47004*v - 46963. What is a(-1)?
41
Let n(h) = 3*h**3 - 100*h**2 - 127*h + 3239. Calculate n(34).
1233
Let n(v) = -1061*v**2 + 2272*v - 299. Calculate n(2).
1
Let i(y) = -y**3 - 871*y**2 - 11152*y + 8. Give i(-13).
-18
Let n(u) = 247*u + 60040. Give n(-214).
7182
Let o(h) = -2412*h + 2990. Give o(1).
578
Let z(k) = -5974*k + 53769. Give z(9).
3
Let y(u) = -u**3 + 890*u**2 + 31404*u + 10923. Give y(924).
-165
Let n(t) = t**3 - 62*t**2 - 1130*t + 11628. Determine n(75).
3
Let q(a) = 1109*a + 156375. Calculate q(-141).
6
Let y(d) = 6763*d + 19234. Determine y(-3).
-1055
Let n(c) = c**3 + 118*c**2 - 1137*c + 769. Calculate n(-127).
7
Let d(m) = 91*m - 22914. Calculate d(240).
-1074
Let a(b) = 16*b**3 - 42*b**2 - 178*b - 43. Determine a(-4).
-1027
Let t(j) = -1920*j**2 + 17330*j - 446. Calculate t(9).
4
Let x(k) = 2*k**3 + 313*k**2 + 482*k + 2589. Calculate x(-155).
-46
Let d(f) = f**3 - 103*f**2 - 319*f + 670. What is d(106)?
564
Let r(l) = 6*l**2 + 1807*l + 32453. Give r(-282).
23
Let y(z) = -z**3 + 268*z**2 + 780*z - 118. Determine y(271).
-9061
Let d(w) = 1199*w**2 - 10810*w + 172. What is d(9)?
1
Let g(u) = 8*u**2 - 78783*u + 78781. What is g(1)?
6
Let l(z) = -2*z**3 + 14*z**2 + 117*z - 780. Calculate l(9).
-51
Let v(k) = 2*k**3 + 17*k**2 - 548*k + 2062. What is v(5)?
-3
Let l(c) = -635*c + 1826. Determine l(4).
-714
Let y(h) = -h**3 - 124*h**2 + 205*h + 25443. Calculate y(-124).
23
Let r(d) = d**3 + 47*